
Is 964376 a multiple of 238?
True
Does 246 divide 282341?
False
Does 27 divide 818181?
True
Does 4 divide 1589504?
True
Does 12 divide 901080?
True
Does 141 divide 42723?
True
Does 46 divide 160887?
False
Is 254434 a multiple of 23?
False
Does 38 divide 1083342?
True
Does 23 divide 241408?
True
Is 416 a factor of 8551699?
False
Is 791 a factor of 1003562?
False
Is 14 a factor of 606774?
True
Is 29 a factor of 8075804?
True
Is 2420554 a multiple of 33?
False
Is 25 a factor of 499625?
True
Does 9 divide 716309?
False
Is 106041 a multiple of 8?
False
Does 313 divide 4989220?
True
Does 94 divide 574702?
False
Is 399672 a multiple of 234?
True
Is 6740181 a multiple of 27?
False
Does 41 divide 111889?
True
Is 801654 a multiple of 5?
False
Does 27 divide 192672?
True
Does 30 divide 434186?
False
Is 52083 a multiple of 85?
False
Does 8 divide 1118784?
True
Is 11 a factor of 14894?
True
Is 3564432 a multiple of 18?
True
Is 731898 a multiple of 12?
False
Is 180 a factor of 5663303?
False
Does 981 divide 4772565?
True
Is 442773 a multiple of 35?
False
Does 280 divide 64312?
False
Is 23 a factor of 2555081?
False
Is 16 a factor of 200247?
False
Does 4 divide 30188?
True
Is 2383983 a multiple of 55?
False
Does 64 divide 2203968?
True
Is 24 a factor of 8836?
False
Is 734617 a multiple of 303?
False
Does 50 divide 5630232?
False
Does 80 divide 1901520?
True
Is 14 a factor of 464603?
False
Is 3077775 a multiple of 225?
True
Is 401 a factor of 5527785?
True
Is 1417632 a multiple of 107?
False
Is 142 a factor of 478540?
True
Is 1939203 a multiple of 4?
False
Is 20 a factor of 19911940?
True
Does 56 divide 14707728?
True
Is 941073 a multiple of 287?
True
Is 216 a factor of 545400?
True
Does 109 divide 160884?
True
Is 11 a factor of 5802279?
False
Is 544480 a multiple of 121?
False
Does 48 divide 6722288?
False
Does 1107 divide 1325079?
True
Is 3979424 a multiple of 171?
False
Is 28 a factor of 118832?
True
Is 582018 a multiple of 112?
False
Is 477928 a multiple of 57?
False
Does 423 divide 5358582?
False
Is 8311317 a multiple of 751?
True
Is 12843586 a multiple of 411?
False
Is 1288340 a multiple of 14?
False
Does 25 divide 380175?
True
Does 162 divide 9270288?
True
Is 80 a factor of 118786?
False
Does 98 divide 1717450?
True
Is 926736 a multiple of 12?
True
Is 4647630 a multiple of 442?
True
Is 104 a factor of 1417000?
True
Is 598 a factor of 1825096?
True
Is 22 a factor of 708554?
True
Is 2 a factor of 1417232?
True
Does 150 divide 70950?
True
Is 28 a factor of 12208?
True
Is 7340179 a multiple of 139?
False
Does 36 divide 1018152?
True
Does 382 divide 3597294?
True
Does 43 divide 368080?
True
Is 80920 a multiple of 20?
True
Does 25 divide 369750?
True
Is 4238913 a multiple of 71?
True
Does 54 divide 150660?
True
Is 1852376 a multiple of 9?
False
Does 22 divide 47310?
False
Does 362 divide 1757510?
True
Does 53 divide 439022?
False
Is 41496 a multiple of 149?
False
Does 167 divide 3809768?
False
Is 30 a factor of 872576?
False
Does 11 divide 254032?
False
Is 3625173 a multiple of 17?
False
Does 83 divide 435720?
False
Is 842278 a multiple of 48?
False
Is 974736 a multiple of 967?
True
Is 13 a factor of 1625520?
True
Is 728017 a multiple of 12?
False
Is 31135 a multiple of 9?
False
Is 25 a factor of 53175?
True
Is 7856415 a multiple of 136?
False
Does 251 divide 6288052?
True
Is 1482551 a multiple of 7?
True
Is 506 a factor of 8085374?
True
Does 47 divide 10151?
False
Does 8 divide 336255?
False
Is 493062 a multiple of 58?
False
Is 28 a factor of 3079188?
True
Does 248 divide 5398464?
True
Does 49 divide 529690?
True
Is 139 a factor of 119103?
False
Is 24 a factor of 161551?
False
Is 160 a factor of 83680?
True
Is 720257 a multiple of 194?
False
Does 43 divide 3024801?
False
Does 6 divide 3033006?
True
Is 17 a factor of 301045?
False
Is 114483 a multiple of 7?
False
Is 6 a factor of 1059157?
False
Is 101 a factor of 5644311?
False
Is 106 a factor of 949454?
False
Is 19 a factor of 140660?
False
Is 199 a factor of 568222?
False
Is 623520 a multiple of 240?
True
Is 23 a factor of 176226?
True
Is 134 a factor of 1603444?
True
Is 33619 a multiple of 101?
False
Is 796280 a multiple of 170?
True
Is 5 a factor of 99565?
True
Does 126 divide 85465?
False
Is 1103206 a multiple of 2?
True
Is 31909 a multiple of 138?
False
Is 15 a factor of 16207710?
True
Is 34 a factor of 1607010?
True
Does 10 divide 11940?
True
Is 262 a factor of 101394?
True
Is 24 a factor of 132767?
False
Is 2785860 a multiple of 18?
True
Is 17758685 a multiple of 265?
False
Is 8568 a multiple of 102?
True
Is 129815 a multiple of 11?
False
Is 253 a factor of 1007952?
True
Is 6 a factor of 103236?
True
Is 1458 a factor of 8074404?
True
Is 9470030 a multiple of 262?
False
Is 32743 a multiple of 3?
False
Does 6 divide 2431662?
True
Does 14 divide 651292?
False
Is 585453 a multiple of 18?
False
Is 218784 a multiple of 159?
True
Is 2186424 a multiple of 8?
True
Is 28518 a multiple of 3?
True
Is 274 a factor of 1116550?
True
Is 523206 a multiple of 27?
True
Is 2029130 a multiple of 37?
False
Is 232 a factor of 594616?
True
Is 296 a factor of 2115512?
True
Is 2477944 a multiple of 7?
True
Is 29 a factor of 17110?
True
Does 312 divide 4368?
True
Is 6 a factor of 5532?
True
Does 21 divide 2455803?
True
Does 15 divide 138585?
True
Is 10 a factor of 218227?
False
Is 378486 a multiple of 295?
False
Is 55 a factor of 794728?
False
Is 234104 a multiple of 8?
True
Is 375 a factor of 349685?
False
Is 51 a factor of 11267022?
True
Is 33 a factor of 8316?
True
Does 20 divide 306867?
False
Is 10 a factor of 651270?
True
Does 33 divide 169224?
True
Is 42294 a multiple of 318?
True
Does 231 divide 3606131?
False
Is 3758647 a multiple of 1476?
False
Is 11 a factor of 15103?
True
Does 278 divide 3173648?
True
Is 129770 a multiple of 70?
False
Is 8 a factor of 731774?
False
Does 266 divide 2244901?
False
Does 121 divide 297055?
True
Is 229529 a multiple of 265?
False
Is 206713 a multiple of 33?
False
Is 64 a factor of 32384?
True
Is 10 a factor of 151700?
True
Is 61614 a multiple of 191?
False
Is 238285 a multiple of 9?
False
Is 385963 a multiple of 33?
False
Is 119 a factor of 11223574?
False
Does 11 divide 52022?
False
Is 848 a factor of 23883920?
True
Does 58 divide 161993?
False
Does 308 divide 14076744?
False
Does 745 divide 1650920?
True
Is 1291331 a multiple of 618?
False
Does 5 divide 378525?
True
Is 24 a factor of 120519?
False
Is 23 a factor of 760449?
True
Does 3 divide 329688?
True
Is 1990693 a multiple of 478?
False
Is 99 a factor of 944856?
True
Is 36 a factor of 175968?
True
Is 5433603 a multiple of 86?
False
Is 207057 a multiple of 11?
False
Is 8729539 a multiple of 21?
False
Does 279 divide 20191?
False
Is 181383 a multiple of 309?
True
Is 14 a factor of 843276?
True
Is 2188601 a multiple of 12?
False
Does 7 divide 3601?
False
Is 237 a factor of 294452?
False
Is 6 a factor of 3781362?
True
Is 11521518 a multiple of 11?
False
Does 82 divide 782447?
False
Does 98 divide 232177?
False
Is 8 a factor of 2974412?
False
Is 164292 a multiple of 6?
True
Is 39113 a multiple of 4?
False
Does 20 divide 1693579?
False
Does 66 divide 316074?
True
Does 80 divide 1038960?
True
Is 9736434 a multiple of 167?
True
Is 80738 a multiple of 146?
True
Is 9 a factor of 175743?
True
Does 159 divide 681633?
True
Is 48 a factor of 9736584?
False
Is 895562 a multiple of 41?
False
Is 274714 a multiple of 119?
False
Is 343875 a multiple of 7?
True
Does 210 divide 11739210?
True
Is 224 a factor of 198403?
False
Is 25 a factor of 20773767?
False
Is 18 a factor of 119052?
True
Does 249 divide 185169?
False
Is 1505961 a multiple of 4?
False
Is 16 a factor of 4514635?
False
Is 175595 a multiple of 29?
True
Is 225 a factor of 235353?
False
Is 88023 a multiple of 599?
False
Is 941 a factor of 6975521?
False
Is 649 a factor of 1065299?
False
Does 10 divide 125032?
False
Is 363 a factor of 13224090?
True
Is 266938 a multiple of 286?
False
Does 91 divide 159887?
True
Does 29 divide 4490116?
False
Is 2254161 a multiple of 7?
True
Is 646488 a multiple of 146?
True
Is 2018826 a multiple of 9?
True
Does 129 divide 1418163?
False
Does 30 divide 2304690?
True
Is 172834 a multiple of 51?
False
Does 2020 divide 593880?
True
Is 1080632 a multiple of 1